{"id":26,"date":"2016-01-13T19:35:03","date_gmt":"2016-01-13T19:35:03","guid":{"rendered":"http:\/\/feuerwehr-drolshagen.de\/?page_id=26"},"modified":"2021-11-14T21:28:45","modified_gmt":"2021-11-14T20:28:45","slug":"loeschzug-drolshagen","status":"publish","type":"page","link":"https:\/\/feuerwehr-drolshagen.de\/?page_id=26","title":{"rendered":"Einsatzabteilung"},"content":{"rendered":"<p><img loading=\"lazy\" decoding=\"async\" class=\"alignright wp-image-88 size-large\" src=\"https:\/\/feuerwehr-drolshagen.de\/wp-content\/uploads\/2016\/01\/sl0-1024x398.png\" alt=\"\" width=\"720\" height=\"280\" srcset=\"https:\/\/feuerwehr-drolshagen.de\/wp-content\/uploads\/2016\/01\/sl0-1024x398.png 1024w, https:\/\/feuerwehr-drolshagen.de\/wp-content\/uploads\/2016\/01\/sl0-300x117.png 300w, https:\/\/feuerwehr-drolshagen.de\/wp-content\/uploads\/2016\/01\/sl0-768x299.png 768w, https:\/\/feuerwehr-drolshagen.de\/wp-content\/uploads\/2016\/01\/sl0.png 1080w\" sizes=\"auto, (max-width: 720px) 100vw, 720px\" \/><\/p>\n<p>Die L\u00f6schz\u00fcge der Feuerwehr Drolshagen sind die Einheiten, die Ihnen bei Br\u00e4nden, Unf\u00e4llen oder anderen Notlagen zur Hilfe kommen, wenn Sie die Notrufnummer &#8222;112&#8220; gew\u00e4hlt haben.<\/p>\n<p>Im Stadtgebiet gibt es insgesamt drei L\u00f6schz\u00fcge. Die L\u00f6schz\u00fcge 1 und 2 befinden sich im Feuerwehrhaus in Drolshagen. Hier sind rund 80 Feuerwehrleute aktiv engagiert. Zugf\u00fchrer des Zugs 1 in Drolshagen ist Udo Ganse-Frohwein, Zugf\u00fchrer des Zugs 2 in Drolshagen ist Volker Kl\u00fchspies.<\/p>\n<p>In Iseringhausen befindet sich der L\u00f6schzug 3. Rund 40 Mitglieder arbeiten hier ehrenamtlich in der Feuerwehr. Zugf\u00fchrer des Zugs 3 in Iseringhausen ist Benjamin Stracke, Stellvertreter ist Ingo Feldmann.<\/p>\n","protected":false},"excerpt":{"rendered":"<p>Die L\u00f6schz\u00fcge der Feuerwehr Drolshagen sind die Einheiten, die Ihnen bei Br\u00e4nden, Unf\u00e4llen oder anderen Notlagen zur Hilfe kommen, wenn Sie die Notrufnummer &#8222;112&#8220; gew\u00e4hlt haben. Im Stadtgebiet gibt es insgesamt drei L\u00f6schz\u00fcge. Die L\u00f6schz\u00fcge 1 und 2 befinden sich im Feuerwehrhaus in Drolshagen. Hier sind rund 80 Feuerwehrleute aktiv engagiert. Zugf\u00fchrer des Zugs 1 [&hellip;]<\/p>\n","protected":false},"author":1,"featured_media":0,"parent":5,"menu_order":1,"comment_status":"closed","ping_status":"closed","template":"","meta":{"footnotes":""},"class_list":["post-26","page","type-page","status-publish","hentry"],"_links":{"self":[{"href":"https:\/\/feuerwehr-drolshagen.de\/index.php?rest_route=\/wp\/v2\/pages\/26","targetHints":{"allow":["GET"]}}],"collection":[{"href":"https:\/\/feuerwehr-drolshagen.de\/index.php?rest_route=\/wp\/v2\/pages"}],"about":[{"href":"https:\/\/feuerwehr-drolshagen.de\/index.php?rest_route=\/wp\/v2\/types\/page"}],"author":[{"embeddable":true,"href":"https:\/\/feuerwehr-drolshagen.de\/index.php?rest_route=\/wp\/v2\/users\/1"}],"replies":[{"embeddable":true,"href":"https:\/\/feuerwehr-drolshagen.de\/index.php?rest_route=%2Fwp%2Fv2%2Fcomments&post=26"}],"version-history":[{"count":25,"href":"https:\/\/feuerwehr-drolshagen.de\/index.php?rest_route=\/wp\/v2\/pages\/26\/revisions"}],"predecessor-version":[{"id":3968,"href":"https:\/\/feuerwehr-drolshagen.de\/index.php?rest_route=\/wp\/v2\/pages\/26\/revisions\/3968"}],"up":[{"embeddable":true,"href":"https:\/\/feuerwehr-drolshagen.de\/index.php?rest_route=\/wp\/v2\/pages\/5"}],"wp:attachment":[{"href":"https:\/\/feuerwehr-drolshagen.de\/index.php?rest_route=%2Fwp%2Fv2%2Fmedia&parent=26"}],"curies":[{"name":"wp","href":"https:\/\/api.w.org\/{rel}","templated":true}]}}